-16 - -38) + 15.
24
Evaluate -2 + (-6 - -1 - (-9 + -3 + 13)) + 56.
48
What is the value of 1337 - 1344 - (-10 + 0)?
3
What is -12 - (4 - 8 - 3 - (-9 - -36))?
22
What is (-2 - 1 - (10 + -6)) + 6 - (-96 + 20)?
75
Evaluate -58 - (-16 + -13 + 21 + -14 + 8).
-44
What is 129 + (19 - 82) - 24?
42
What is the value of (24 + -43 + 33 - -21) + (-9 - -1)?
27
54 + (0 - (23 + -7 + -12)) + -10
40
Evaluate 66 + (107 + -117 - (-1 + 2)).
55
18 + (1 - 25 - (222 + -263))
35
What is the value of (28 - (11 + -21 + 2)) + -7?
29
Evaluate 4 - 3 - ((112 - 24) + -56).
-31
What is -30 + -5 - -57 - (-6 + 16)?
12
What is (-30 - (34 + -60) - -2) + -109?
-111
What is the value of -25 - (-11 + 37 + 8 + -23)?
-36
What is the value of 21 + (-12 + -8 + 10 - 43)?
-32
Evaluate -57 + (14 - (-22 + (-21 - -17))).
-17
What is (2 - (-162 + 12)) + -35 - (0 + 12)?
105
Evaluate 10 - (176 - 83 - 97).
14
Calculate (-2 - -7) + (-2 + 5 - 4 - 21) + 3.
-14
Calculate -48 - -84 - (-2 - -64).
-26
Evaluate 120 + (-52 - (7 - (13 + 23))).
97
Calculate -10 + 2 + -4 + (-17 + -7 - -11).
-25
Calculate (29 + 3 + -74 - -22) + -4.
-24
Evaluate (34 + 9 - (-25 + 58)) + -88.
-78
What is (-18 - (1 + 44)) + (-59 - -77)?
-45
Evaluate 8 + (27 - (-17 - -22) - 11).
19
What is the value of -43 - 1 - (-203 + 139)?
20
Evaluate -25 + (2 - -21 - (-557 - -584)).
-29
What is 7 + (24 - 56) + -1 + -12?
-38
Evaluate 14 + 8 + 21 + 5 - -21.
69
Calculate (44 - (15 - 34)) + -50.
13
52 + -24 + -20 + -23
-15
What is -33 - ((-43 - 23) + 21 - -40)?
-28
Evaluate (-12 - -13) + 35 + -2 + -25.
9
27 - (20 + 19 + -15 + -21)
24
(149 - (-32 + 128)) + -4 + -3 + 10
56
8 + ((17 - 4) + -25 - 77) - -16
-65
Calculate (15 - (-17 + 30)) + 8.
10
What is 20 + 0 + -36 + 19 + 24 + -86?
-59
What is 14 - (33 + (-16 - 10))?
7
Calculate -47 - 117 - (-121 - -53).
-96
What is the value of 40 + 8 + -29 - 3?
16
Calculate 46 + (26 - (79 - 31)).
24
Evaluate (-4 - -8 - -9) + ((15 - 60) + -17 - 27).
-76
Evaluate 1758 + -1760 + 11 + (0 - 2) - (-7 - 72).
86
Calculate -9 - 43 - (-123 - -28).
43
What is (-154 - -106) + (-2 - -24)?
-26
-5 + -1 + (-92 - (-95 + 14))
-17
What is -7 + 8 - -2 - (12 + (-62 - 6) + 7)?
52
What is 13 + (10 - 11 - (0 + -2 - 7))?
21
Calculate 3 + (-13 + 42 - 15) + 39 + -13.
43
Evaluate (-41 - (0 + 1)) + 971 + -975.
-46
What is the value of 85 + -88 + -36 + (-4 - ((-6 - -8) + -5))?
-40
Evaluate 14 + (2 + -3 - 7) - (0 + (37 - 0)).
-31
What is the value of -49 + 46 - 0 - (-1 + -22)?
20
Evaluate 83 + 5 + 22 - 62.
48
Evaluate 23 + (-51 - (-61 - -46)).
-13
Calculate (30 - -44) + -88 + (1 - (4 + 5)).
-22
Calculate (-98 - -42) + 0 + -6 + 7 + -9.
-64
Evaluate -116 - (60 - (88 - 8 - 32)).
-128
Calculate 56 + 91 + -120 + -2.
25
18 + -100 + -28 + 76
-34
Calculate 95 - (5 + 5 + 4 - 6 - 13).
100
(-61 - -77) + (-8 - (-3 - -58))
-47
What is -7 + -2 + (0 - -8) + 363 + -366?
-4
Evaluate 1 + -17 - 23 - -46.
7
38 - (27 + 52 + -20)
-21
What is (-116 - ((83 - 110) + 11 + 0)) + 0?
-100
What is -23 + 2 + 6 + -399 + 468?
54
16 + 119 + -127 + (-1 - -101 - 2) + 12
118
(-38 - (40 - 43)) + (1 - -1) + -13
-46
34 + -65 - 21 - -17
-35
Calculate 3 - (-42 - (-77 + 31)).
-1
Evaluate (-321 - -327) + (-20 - 1) + -14 + 130.
101
Evaluate -1 + 13 + (10 - 1 - ((14 - 33) + 28)).
12
Evaluate 24 + 1 - (-74 + 69 - 17).
47
What is (-2 - 22) + -460 + 403 - (-1 + -7)?
-73
What is the value of 1 + 1 + 159 + -77 + -48?
36
Evaluate -178 + (144 - 52) - (-1 - (8 + -3)).
-80
(90 - -46) + -108 + -49
-21
Evaluate (2 - -3 - 10) + 305 + -306.
-6
Calculate 20 + (-49 - -24 - (-8 - -5)).
-2
What is the value of (42 - 79) + 35 - 12?
-14
What is -28 - ((20 - 11) + -5)?
-32
-21 - (-32 + 14) - (4 + -4 + 9)
-12
Calculate (76 - 125 - -164) + (-3 - 32).
80
14 - 9 - (-2 + (7 - 2) - -6) - 32
-36
Calculate (-227 - -227) + (8 - (5 - 0)).
3
Calculate -1 - -101 - ((-318 - -319) + (-19 - 0)).
118
-1427 + 1466 - (21 - -1)
17
Evaluate ((-4 - -2) + -3 - (-59 + -6 + 0)) + -10.
50
Evaluate -1 - -4 - ((-5 - -2) + 9) - (26 - 20).
-9
Evaluate -136 + 62 + (-28 - -149).
47
What is -2 + 18 - (-550 - -645)?
-79
-23 - (-42 + 79 + -53)
-7
What is -31 - (20 - (12 + 11)) - -19?
-9
Evaluate -50 + -38 + -27 + (58 - 4).
-61
Evaluate 1 + -59 + (44 - -4) + (-290 - -260).
-40
Calculate (97 - (-46 + 74)) + -48.
21
Evaluate (-1 - 23) + (-424 - -448).
0
(14 + 8 - 24 - -52) + (-2 - -7) + -12
43
-10 - ((-23 - (-1 + 66)) + -10 + 5)
83
Calculate 936 + -981 + (91 - -9).
55
What is -4 - -47 - (-143 + 172) - (61 - 1)?
-46
What is (11 - 68) + 15 - -80?
38
Calculate (1 - (13 + (4 - (0 - -17)))) + (-70 - 4).
-73
What is the value of (-3 - -4) + 11 + -2 + 0 + -16 + 16?
10
What is (0 - 8) + (-1 - 1 - (-118 - (-50 + 8)))?
66
What is the value of 2052 - 2200 - (-59 + -3)?
-86
Evaluate 13 - (-8 + (1 - -14) + 46) - -11.
-29
What is -225 - -179 - ((-8 - -8) + 6 + -9)?
-43
What is the value of -94 + 173 - 137 - (0 - (-4 + (1 - 5)))?
-66
Evaluate -17 + (-20 - (-31 + 3)) - -42.
33
What is the value of (-44 - (50 - 103)) + (-10 - 54)?
-55
Calculate 340 - 300 - ((-1 - -1) + -8 - -7).
41
Evaluate (-132 - -122) + (-2 - -7 - (-113 + 4 - -1)).
103
-4 + 7 + -18 + 16 + -2 + 22
21
-10 + (-78 + -11 - (-3 + 16)) - -4
-108
Calculate 7 - (4 + 4 - (-17 + -7)) - (2 + -1).
-26
What is 44 - ((4 - -58) + 24)?
-42
-97 + (12 - (-151 + 100))
-34
Calculate -8 - (30 - (-28 - (23 - 56))).
-33
(3375 - 3365) + -1 + 42
51
-33 + (4 - -1 - (33 + -29)) + (1 - -1)
-30
What is the value of -1 - ((9 - -15) + -7) - (-17 + 12 + -3)?
-10
Evaluate 6 - (28 + -77 - -16).
39
What is the value of -73 - (-59 + 24 + -17)?
-21
What is the value of (-3 - -9 - 5) + -5 - 64 - -9 - -4?
-55
What is the value of 2 + (53 - (-17 + -1))?
73
What is the value of 1 - (0 + (-3 + -14 - (-11 - -2) - 11))?
20
What is the value of (12 - 15) + (-5 - (-25 - -21 - (-2 - 1)))?
-7
-8 + (-6 - ((-10 - 5) + -11 - -15))
-3
Evaluate -48 + 53 + (78 + -85 - (-1 + (-109 - -1))).
107
What is -104 + (16 - ((-15 - -12) + 7 + -3))?
-89
Evaluate (-2 - 7) + (-294 - -300) + (23 - 1).
19
What is 96 - 31 - (76 + 5)?
-16
What is the value of -7 + 1 - (15 + -15 + 1 - (5 - -3))?
1
What is the value of 480 + -541 + 30 + -5?
-36
What is 18 + (48 - 27 - (3 + 8))?
28
-1 + -1 + 4 + 45 - (-773 + 770)
50
What is -10 - (-77 + 60 + (4 + 3 - -2))?
-2
What is (2 + 4 - 2) + (-143 - 2 - (-63 + 28))?
-106
(-2389 - -2367) + 45 + (2 - 2)
23
110 + 10 + -102 + -30 + 2
-10
-5 + (-27 - -97) + -137
-72
Calculate -7 + -48 + 82 + (-19 - 7).
1
(0 - 10) + (6 - 8 - 1) - (-4 - 1)
-8
(-2 - 2) + 1683 + -1727
-48
Calculate -2 + 9 + (22 - (12 - 11)).
28
What is -41 + (102 - -15) + -37?
39
Evaluate 14 + (203 - 209) + 0 + -1 + 34 + -5.
36
What is the value of (36 - (104 + -44)) + 6?
-18
Calculate (39 - (1 - -11)) + -59 - -72.
40
What is the value of -91 - (-43 - 0) - -92?
44
What is 95 - ((-84 - -50) + 59)?
70
What is (0 - (-18 - -2) - ((-68 - 35) + 107)) + 69?
81
What is ((-6 - 25) + 71 - 11) + 91?
120
Calculate (71 - 2) + -37 + (25 - -1) + (23 - -2).
83
What is the value of (47 + -4 - 52) + -4 + -1 + 2 + -24?
-36
What is the value of 34 + -169 + (8 - -47)?
-80
Evaluate 8 - (-13 + -2 + (32 - 22)) - -10 - 2.
21
Calculate (1 - 21) + -67 + 158 + -76 + 67.
62
-16 - (43 - (-7 + 30))
-36
What is -150 + 0 - (5116 - 5164)?
-102
1 + 4 + (-5 - -8 - (-3 + (61 - 7)))
-43
Evaluate (4 - (-39 - -2)) + 1 + -9 + 8.
41
-15 + 79 + (-30 + 33 - 24)
43
Calculate 10 - (6 - (-1 + 11) - -11 - -44 - 0).
-41
Evaluate (-43 + 4 - 1) + -13 + 22 - (6 + -5).
-32
What is the value of 0 + -4 + (-623 - -644)?
17
What is 9 + -25 - 1 - (6 + (3 + -7 - -1))?
-20
What is -66 + -47 + 127 + -28 + (1 - (0 - 1))?
-12
Calculate (-360 - -347) + 45 + -7.
25
Calculate 52 + 7 - 58 - (-9 + 4 + 19).
-13
What is (0 - (7 + -66) - 3) + 4 + 7 + 1?
68
What is the value of -34 - -61 - (-135 - -190)?
-28
Evaluate -722 - -718 - (19 + 2).
-25
Calculate 64 - 70 - -78 - 60.
12
What is the value of 23 + (-62 - (20 + -1 + -24 + 19))?
-53
What is (-1182 - -1180) + (2 - 2 - -16)?
14
What is -4 - ((10 - 0) + (76 - 60))?
-30
(7 - -23) + -777 + 701
-46
Evaluate -1 - (1 - (2 - -91) - ((25 - 40) + 22)).
98
What is the value of (1 + 8 + 8 - 69) + 9?
-43
Evaluate -8 + -33 + 44 + -3 + 21 + 13.
34
Evaluate 25 - (13 + 27 + -76).
61
Calculate 44 + -2 + -51 + -34 + 2 + -1.
-42
-9 - (0 - -14 - (-55 - -56 - -35))
13
Calculate 89 + (-167 - (-37 - -46)).